ctors of z.
2, 3, 13
Let o = 2015 + -950. What are the prime factors of o?
3, 5, 71
Let w(j) = -3*j**2 + 5*j + 5. Let u be w(3). List the prime factors of (2 - -19)/u - -1276.
19, 67
Let d = 10 - 33. What are the prime factors of (37/2*(1 + d))/(-1)?
11, 37
What are the prime factors of ((-5484)/14)/(4 - (-29)/(-7))?
2, 3, 457
Let i = 42 - 37. Suppose u - 3 = -k, -i*k + 0 = -5. Suppose 4*m - 2*m + u*r - 80 = 0, -4*r = -3*m + 85. What are the prime factors of m?
5, 7
Let j(p) = -277*p + 1395. What are the prime factors of j(-23)?
2, 11, 353
List the prime factors of 2286 - -61 - (-2 - -4 - 2).
2347
Let f = 73 - 70. Suppose 4*s + 12 = 0, -f*s + 3 - 47 = 5*z. Let b(t) = t**3 + 7*t**2 - 6*t - 9. What are the prime factors of b(z)?
3, 11
Suppose -14*g - 2238659 = -47*g - 501539. What are the prime factors of g?
2, 5, 7, 47
What are the prime factors of -6108*(-35)/(-84)*-2?
2, 5, 509
Let z = -332 - -120. Let m be (-3 + 4)/((-4)/z). Suppose 18 = -5*t + m. List the prime factors of t.
7
Suppose -3*t + 1050 = 4*t. Let o = -15 + 12. What are the prime factors of 3/o + t + 2?
151
Suppose 12*k + 4*k = 0. Suppose 35 = 3*d + 2*h + 2*h, 0 = -4*d + 3*h + 5. Suppose 0 = -x + 4*p + 56, -x - d*p + 92 = -k*p. What are the prime factors of x?
2, 3
Suppose -13*r - 285 = 2*r. Let w(j) = j**2 - 9*j - 29. What are the prime factors of w(r)?
503
Let u(s) = -3*s**3 + 4*s**2 - 3*s + 24. Let m(p) = 52*p - 112. Let v be m(2). List the prime factors of u(v).
2, 5, 23
Suppose -5*p + d = 0, -p + 2*d + d = 0. Let n be -1 + 212 + (p - 0). Suppose 0 = -5*v - 4*f + 276 + 217, 0 = -2*v + 3*f + n. What are the prime factors of v?
101
Let f = 788 - 465. Let l = 149 - 368. Let n = l + f. What are the prime factors of n?
2, 13
What are the prime factors of (19 + -1)*1177460/678?
2, 3, 5, 521
Let o(s) = 3*s + 2. Let n(z) = z + 1. Let i be n(-5). Let b be ((-39)/15)/(i/20). What are the prime factors of o(b)?
41
Suppose 9*p = 1952 + 44210 - 6508. What are the prime factors of p?
2, 2203
Suppose 0 = -d - 5*j + 2101 + 52433, -d + 54528 = 3*j. What are the prime factors of d?
3, 17, 1069
Let s(q) = 8 + 8*q**2 + 33*q + 55*q - 76*q. List the prime factors of s(-9).
2, 137
Suppose 22*m = -77*m + 43362. List the prime factors of m.
2, 3, 73
Let m(r) be the third derivative of 259*r**5/20 + r**4/24 - r**3/3 + 50*r**2. List the prime factors of m(1).
2, 97
List the prime factors of (5 - (6 + 13/(-52)))*-23736.
2, 3, 23, 43
Suppose 0 = -2*l + 3*o + 12 + 53, 2*o - 10 = 0. List the prime factors of l/12*336/4.
2, 5, 7
Let p(i) = -30013*i - 4844. What are the prime factors of p(-3)?
5, 11, 1549
What are the prime factors of (-17)/((-136)/45672) + -1 + 5/1?
29, 197
Let v(s) = 8*s**3 - 2*s + 18. Let r be v(-6). Let n = -723 - r. List the prime factors of n.
3, 5, 13
Let j = 42 - 37. Let b(h) = -10 + 4 - j*h + 9 + 6*h**2. What are the prime factors of b(-3)?
2, 3
Suppose 12606 = -39*o + 72003. What are the prime factors of o?
1523
List the prime factors of (-1)/8 - (-1559033)/392.
41, 97
Let p(c) = 23*c**2 - 12*c - 11. Let q be p(-7). Suppose -64*g + q = -60*g. What are the prime factors of g?
2, 3, 5
Let u = 65064 - 31650. List the prime factors of u.
2, 3, 5569
Let l(v) = 3*v**2 + 14*v**2 - 10*v**2 + 10 + 2*v. What are the prime factors of l(8)?
2, 3, 79
Suppose -44 = -2*n - 9*n. List the prime factors of n/18 + (-7228)/(-36).
3, 67
Suppose -2*h + 44 - 158 = 0. Let s = 136 + -297. Let x = h - s. What are the prime factors of x?
2, 13
Suppose 4*s + 4*a - 37800 = 0, s - 5023 - 4412 = 2*a. List the prime factors of s.
5, 1889
List the prime factors of -5*7/(175/(-81535)).
23, 709
Let p(r) = -10*r + r - 44 - 4*r + 3*r. Let s be p(-14). Let o = 20 + s. What are the prime factors of o?
2, 29
Suppose -2895 = -44*b + 845. Let h = b - -995. List the prime factors of h.
2, 3, 5
Suppose n + 3*u = 8996, 62*n = 59*n - 4*u + 26958. What are the prime factors of n?
2, 67
Let d be (-129)/215 + (-7973)/(-5). What are the prime factors of d/3 - 1/3?
3, 59
Let k = 5969 - -871. Suppose -9*t + k = t. What are the prime factors of t?
2, 3, 19
Suppose 3*z = 128 + 148. List the prime factors of (z/(-230))/((-794)/790 - -1).
79
Suppose 0 = -25*f + 595820 + 128417 + 96788. What are the prime factors of f?
3, 41, 89
Suppose -6*f = -w + 9202, -w + 8318 + 836 = 2*f. List the prime factors of w.
2, 4583
Let a(g) = -89*g - 2096. List the prime factors of a(-92).
2, 1523
Let q = 2185 - 108. What are the prime factors of q?
31, 67
Let l(n) = -3*n**3 + 66*n**2 + 48*n - 9. What are the prime factors of l(22)?
3, 349
Let t(z) = 8*z**3 - 5*z**2 + 17*z + 16. What are the prime factors of t(4)?
2, 3, 43
Suppose 16*f = -12 - 20. What are the prime factors of 1*(f/4)/((-12)/6576)?
2, 137
Suppose 2*n - 498 = -4*n. Suppose -12*a + n = 35. Suppose -4*s + 52 = a*f, f + s - 3*s = -2. List the prime factors of f.
2
Let k(z) = -z**2 + 41*z + 51. Let i(c) = 18*c + 234. Let u be i(-11). List the prime factors of k(u).
3, 7, 11
Suppose -5*i - 7 = -4*z + 3, z - 15 = -5*i. Suppose -z*r + 0*r - 2*l + 2079 = 0, 4*r = 3*l + 1654. What are the prime factors of r?
5, 83
Let o(u) = 22*u**2 + 8*u + 3. Suppose 6*n = 10*n + 16. List the prime factors of o(n).
17, 19
What are the prime factors of 47469*(-6)/(-45)*(-13 + 651/42)?
15823
Let t(d) = -10*d + 7290. What are the prime factors of t(0)?
2, 3, 5
Let a be ((-76)/(-8))/((-6)/(-492)). Let y = 1485 - a. What are the prime factors of y?
2, 353
Let a(w) = -2*w + 42. Let u be a(19). Suppose -4*d - 2*o + 22 = 0, -4*d + u*o = -1 + 9. List the prime factors of (142/3 + -4)*d.
2, 5, 13
Let r(v) = v**2 + v + 3. Let a be r(0). What are the prime factors of a - (-1248)/((-12)/(-2))?
211
What are the prime factors of (22*-2)/(124/(-41726))?
2, 11, 673
Let p(l) = l**3 - 17*l**2 - 58*l + 7. Let f be p(20). Let o = f + -42. What are the prime factors of (-336)/(-2) - 4/((-20)/o)?
13
Let o = 207 - 197. Let g(f) = -f**3 - 16*f**2 + 12*f - 9. Let z be g(-9). List the prime factors of 8/(-20) - z/o.
2, 17
Let h be 51 + 15 - (-5)/1. Let b = h + 96. What are the prime factors of b?
167
Let l(s) = s**2 + 2*s - 6. Let d be l(2). Suppose 5*m - 15 = 0, a - d*m = 2*m + 1222. List the prime factors of a.
2, 617
What are the prime factors of (-6)/(-8) - (6/7 - 103444708/2576)?
13, 3089
Let d(t) = 22*t**3 - t**2 + t - 1. Let a be 3 + 0 + (4 - 2). Suppose -a*l = -l - 8. What are the prime factors of d(l)?
173
Let x = -146 + 155. Let v(s) = s**3 - 6*s**2 + s - 5. What are the prime factors of v(x)?
13, 19
Suppose -35*h + 605937 - 150027 = 0. List the prime factors of h.
2, 3, 13, 167
Suppose -4*u + 36 = -0*u + 4*k, 0 = -2*k + 8. Let q = -157 + 1405. Suppose -7*n - u*n = -q. What are the prime factors of n?
2, 13
Let f(b) be the second derivative of b**4/6 + b**3/6 - b**2/2 - 23*b. Let q be f(1). Suppose 14*j - 68 = q. What are the prime factors of j?
5
Suppose 82374 + 90372 = 203*u - 320341. What are the prime factors of u?
7, 347
Suppose -230*z + 227*z = 5*s - 9267, 4*s = -4*z + 7420. List the prime factors of s.
3, 617
Let t = -95 - -98. Let a be 90*(-2 - (t/6 + -1)). What are the prime factors of (69 + -1)*a/(-30)?
2, 3, 17
Let q(j) = 17*j**2 + 4*j + 4. Let k(f) = 34*f**2 + 7*f + 7. Let l(p) = 3*k(p) - 5*q(p). Let h be l(2). Let b = h - 17. List the prime factors of b.
2, 3
Let q(r) = r - 1 - 10 + 3*r**2 - r**3 - 5 + 12. Let b be q(2). Suppose b*d = -2*n + 240, -2*d + 471 = 2*d + n. What are the prime factors of d?
3, 13
Let j(g) = 30*g + 22. Let q be j(6). Let r = -66 + q. What are the prime factors of r?
2, 17
Let n = -4894 - -7549. List the prime factors of n/118*6*1.
3, 5
Suppose 7*h - 3*y + 2*y = 359509, 0 = h - y - 51361. What are the prime factors of h?
2, 25679
Let j be 223*(0 - (0 + -9)). Suppose 0 = 157*r - 154*r - j. List the prime factors of r.
3, 223
Let n be 0*((-10)/(-25))/((-8)/(-10)). What are the prime factors of 0 - n - (0 - 143)?
11, 13
Let p = -83154 - -131000. What are the prime factors of p?
2, 47, 509
Suppose -4*n - 468 - 352 = -2*s, -2*n = 5*s - 2098. What are the prime factors of 126/42 + (s - 1)?
2, 3, 5, 7
Let n be -163*(-4)/(-3)*-9. Suppose 12 = 3*f, -10*k + 2*f + n = -6*k. List the prime factors of k.
491
Let h be -23*(-3 + 2 + 0). Let j(k) = 57*k**3 - 3*k**2 + 10*k - 58*k**3 + 27*k**2 + 11 - 32 - 30